0
Suppose 402 - 2994 = 9*l. Let y = l - -300. Let x(i) = -i**3 + 13*i**2 - 11*i - 12. Give x(y).
0
Let l(h) = -32*h**3 + h**2 + 2*h + 2. Suppose 0 = 3*z + 26 - 38, -11 = -5*f - 4*z. Give l(f).
33
Suppose 5*u = -0*u + 40. Let f(b) = -3*b - 4 + 19 - 25 + 18 + 3. What is f(u)?
-13
Let g(f) = 5*f + 1. Suppose -2*l - 3*r + 2*r + 13 = 0, 0 = -4*l + 3*r + 41. Let d be ((-20)/l)/((-1)/2 + 1). Let v(c) = c + 7. Let n be v(d). What is g(n)?
11
Let i be (2 - -16) + -30 - -8. Let l(w) = -w**3 - 2*w**2 + 3*w + 1. Give l(i).
21
Let t(o) = -3*o + 2. Suppose 0 = -5*c + 10*c - 15. Suppose -c*a + 2*y + 19 = 0, 0*a - 3*y - 9 = 2*a. Let p be ((-2)/a)/((-12)/36). Determine t(p).
-4
Let a(p) be the first derivative of 23*p**3/3 + p**2 - p - 8921. Let q be (-3 + 2)/(-3 - -2). Calculate a(q).
24
Let p(x) = -162 + 163 + 10*x**2 + x - 6*x**2 - 3*x**2. Let r = 24 - 28. What is p(r)?
13
Let r(w) = -61*w**3 - 8*w**2 + 5*w + 7. Let x(d) = -12*d**3 + d + 2. Let y(n) = r(n) - 5*x(n). What is y(-8)?
-3
Let c(k) = -5*k**2 + 88*k + 40. Let y(o) = 11*o**2 - 188*o - 80. Let d(m) = 13*c(m) + 6*y(m). Give d(-12).
-8
Let y(s) be the third derivative of -s**5/40 + 7*s**4/24 - 113*s**3/6 + 20*s**2 - 4*s. Let z(p) be the first derivative of y(p). Determine z(5).
-8
Let f(q) = 2*q + 14. Let l be f(-6). Let t be 4/(l - (3 - 0)). Let j be (-8)/8 + t/(-1). Let z(p) = p + 2. Calculate z(j).
5
Suppose -6*g + 21 - 18 = -9. Let q(o) = -9*o**2 + 4*o + 2. Give q(g).
-26
Let b(r) = -r**3 - r - 6. Let w(u) = -u**2 - 28*u - 40. Let y be w(-27). Let k be y/13*(-1)/(-2)*0. Determine b(k).
-6
Let j(v) = -3*v**3 + 62*v**2 - 33*v - 159. Let t be j(20). Let w(u) = 4*u + 77. Determine w(t).
1
Let a(n) = -2*n - 5. Let z be (-9)/(-3) - (-4 - 3 - 4). Suppose -56 = -10*o + z. Give a(o).
-19
Let f(b) be the first derivative of 13*b**2/2 - 14*b - 5597. Determine f(1).
-1
Let w(z) = 547*z**2 + 44*z + 28. Let y(h) = 469*h**2 + 40*h + 29. Let d(l) = -6*w(l) + 7*y(l). Suppose 4 = -c + 2*k, 2*k + 31 = -3*c - 21. Give d(c).
7
Let c be (1620/(-945))/((-32)/(-56)). Let h(l) = l**2. Let w(f) = f**2 - 1. Let r be (0 + -1)/(2/4). Let b(z) = r*h(z) + 3*w(z). What is b(c)?
6
Let y(t) = -63*t + 2. Let r(i) = 146*i - 3. Let f(d) = -3*r(d) - 7*y(d). Let m = 18 - 18. Suppose k - 2 - 2 = m. Give f(k).
7
Let t(b) = b**3 + 5*b**2 + 1. Let z = -456 + 459. Suppose 3*x + 23 = -5*r + 1, -z*r - 20 = -5*x. Give t(r).
1
Suppose -5*m + 10157 = -3*f - 0*f, 0 = -3*f + 3. Let n(x) = -m + 1021 + 1013 + 4*x. Give n(2).
10
Suppose -2*h + 26 = -4*j, -8*h + j + 92 = -3*h. Suppose -5 = 6*f + h. Let y(t) = 102 - 216 + 105 - t. Determine y(f).
-5
Let q(t) = -t. Let x(i) be the second derivative of -i**3/6 + 3*i**2/2 + i - 96. Suppose 2*p - 5 = 3*p. Let y be x(p). Give q(y).
-8
Let n(d) be the second derivative of -d**4/12 + d**3 + d**2 + 2869*d. Let r = -10 - -13. Let q be (0 - -3)*7/r. Determine n(q).
-5
Let i(u) = -341*u**2 + 2*u + 1 + 342*u**2 + 11*u**3 + 6*u**3 - 19*u**3. Let d = -2 - -3. Suppose 2*t + d = 5. Give i(t).
-7
Let o(j) be the third derivative of 0 - 17*j**2 - 1/24*j**4 - 4/3*j**3 + 0*j. Calculate o(-3).
-5
Let m = -201 + 312. Let r = m + -110. Let i(k) = 13*k - 1. What is i(r)?
12
Let a(u) be the third derivative of -u**4/3 + 46*u**3/3 - 13*u**2 + 12*u + 10. Give a(14).
-20
Let u = 4560 - 4550. Let m(t) = -t**2 + 14*t - 44. What is m(u)?
-4
Let s(h) = -44*h + 47*h - 57342 + 57324. Calculate s(6).
0
Let h(m) = -m**3 - 8*m**2 + 11*m + 14. Let p be h(-9). Let w be ((-24)/9)/p*108/24. Let b(x) = -234*x**w + 4*x - 1 - 5*x + 231*x**3. What is b(-1)?
3
Let c(u) = -5*u + 19. Let j be c(12). Let s = j + 46. Let d be -2 + (2 - (s - 2)). Let y(p) = -p**2 - 4*p + 1. Give y(d).
4
Suppose 90*x - 566 = 373*x. Let z(c) = 4*c + 8. What is z(x)?
0
Let s(r) be the first derivative of r**7/840 + r**6/72 - r**5/24 - r**4/3 - 61*r**3/3 + r**2/2 - 43. Let q(x) be the third derivative of s(x). Calculate q(-6).
-14
Suppose 4*j + 69 + 107 = 0. Let n be 1168/(-28) - 4/14. Let o = n - j. Let l(b) = 3*b**3 - 3*b**2 + b. Calculate l(o).
14
Let n(k) be the second derivative of -k**5/20 + 5*k**4/12 + 13*k**3/6 - 19*k**2/2 + 237*k. Calculate n(7).
-26
Let y(s) = -s**3 - 2*s**2 - 2*s + 2. Let a(r) = r**3 + 9*r**2 - 6*r + 42. Let v be a(-10). Suppose -11*k + 1 = -10*k, -4*k - v = 2*x. Give y(x).
17
Let w(g) = 4*g + 3*g + 4*g - 7*g**2 - 48 + 8*g**2. Give w(-14).
-6
Let w(l) be the second derivative of l**4/4 - l**3 - l. Suppose 7842 = 2594*k + 3198 - 5732. Give w(k).
24
Suppose -3884 + 4100 = 24*t. Let p(r) = -r**3 + 9*r**2 - 5*r + 14. Calculate p(t).
-31
Suppose 0 = 13*u + 13 - 52. Let n be (-12)/(-2)*(-1)/u. Let j(m) = -5*m + 1. Determine j(n).
11
Let b(f) = -1 + 31*f**2 + 2*f - 15*f**2 + 2*f - 17*f**2. Let k be b(3). Let u(m) = -24 - 4*m + 9*m**k + 21 - 4*m**2 - m**3. What is u(4)?
-3
Let x(s) = -67*s + 4. Let a(n) = -82*n + 4. Let c(k) = -5*a(k) + 6*x(k). Determine c(2).
20
Let w(d) = 3941*d**3 - d**2 - 4*d + 8*d**2 + 10 - 3942*d**3. Determine w(7).
-18
Suppose -117 = -12*h - 9. Let w(j) = -j - h*j**3 + 3*j**3 + 3*j**2 + 4*j**3. Determine w(2).
-6
Suppose 0*r + 32 = -r + v, -3*r + 2*v = 93. Let m(s) = -s**3 - 29*s**2 + 2*s + 60. Let g be m(r). Let c(q) = -q**3 + 2*q**2 + 1. What is c(g)?
1
Let a be 3*3/((-12)/(-8) + -3). Let k(f) = -f - 1. Let b(u) = 5*u + 7. Let x(t) = a*k(t) - b(t). Let i = -4 + 4. What is x(i)?
-1
Let k(t) be the first derivative of -10*t**3/3 - t**2 + t - 1. Let v = -1116 - -792. Let x = v + 325. Determine k(x).
-11
Let a(q) = -3*q + 6. Let z(s) = -12*s + 24. Let p(w) = 21*a(w) - 5*z(w). Let v(c) = 2*c**2 - 159*c + 393. Let j be v(77). Determine p(j).
-18
Let s(k) = k**3 + 21*k**2 - 18*k + 76. Let d be 11 - (-264)/(-48)*6. Give s(d).
-12
Let c(z) = z**3 + 25*z**2 + 6*z + 12. Let h be c(-25). Let t = 134 + h. Let j(m) = 4*m + 6. Let b(w) = 12*w + 18. Let g(x) = 6*b(x) - 17*j(x). Give g(t).
-10
Let z(i) be the third derivative of 0*i**5 + 42*i**2 - 1/24*i**4 + 0*i + 1/120*i**6 + 0 + 0*i**3. Give z(1).
0
Let j be 120/54 - (1 - (-7)/(-9)). Let d(q) be the first derivative of q**4/4 - q**3/3 + 9*q**2 + 1. Let l(h) be the second derivative of d(h). What is l(j)?
10
Suppose -44 = 2*g - 40. Let z(k) = 5*k**2 + 9*k + 4. Let r(t) = -2*t**2 - 2*t - 1. Let h(s) = g*r(s) - z(s). Give h(-4).
2
Let k(n) be the first derivative of 5*n**3/6 + n**2/2 - 6*n + 13. Let l(z) be the first derivative of k(z). What is l(-4)?
-19
Let b(l) = -73*l - 77. Let y be -3 + (0 - 3) - (13 + -14 - 4). Determine b(y).
-4
Let g(c) be the third derivative of -c**5/60 - 5*c**4/24 - 4*c**3/3 + 237*c**2. Let f(r) = -6*r**2 - 26*r - 40. Let u(n) = 2*f(n) - 11*g(n). Calculate u(0).
8
Let u be -4 + 0 + 6 + 7. Let n(q) = -7*q**2 - 74*q**3 + u - 66*q**3 + 139*q**3 + 7*q. What is n(-8)?
17
Let r be (-10)/(-50) - (-12)/30*102. Let x(q) = -q**3 + 42*q**2 - 41*q - 7. Calculate x(r).
-7
Let p be -501 + 36/(-9 - -5). Let b = p + 510. Let y(q) = q**3 - q**2 - q + 2. What is y(b)?
2
Let r = -23804/3 + 7936. Let b(k) be the third derivative of -2*k**2 - 1/24*k**4 + 0*k - r*k**3 + 0. What is b(-8)?
0
Let t(y) = 4 - 4 + 3*y. Suppose 6*u = -4*i + 32, -15 = -72*u + 67*u - i. Give t(u).
6
Let l(u) = u**3 - 27*u**2 - 10*u + 269. Let k = -64 - -91. Let w be l(k). Let v(r) = -1 + 4*r**3 - 4*r + 3*r - r**2 + 0*r**2. What is v(w)?
-5
Let v = -5908 - -5910. Let b(q) be the third derivative of q**6/60 - q**5/12 + q**4/6 + q**3/6 + q**2. What is b(v)?
5
Let m(o) = 0*o**2 - 7 - o**2 - 9*o + 8 - 3 - 9. Give m(-7).
3
Let x(c) = -3 + c**2 + 10*c - 6 - 8*c. Suppose 99*v - 98*v = 0. Determine x(v).
-9
Let d(l) = -l**3 - 46*l**2 - 390*l - 181. Let a be d(-35). Let r(y) = -4*y**2 - 2*y**2 + 3 + 1 - y**3. Determine r(a).
4
Let b = -6516 + 6511. Let m(u) = -u**3 - 8*u**2 - 8*u + 2. Give m(b).
-33
Let q(b) = 13*b**2 - 7*b - 13. Let l(z) = 11*z**2 - 6*z - 12. Let i(f) = -6*l(f) + 5*q(f). Let v(s) = 7*s**2 + 2*s + 1. Let n be v(-1). Calculate i(n).
-23
Let f(l) = -6 + 3*l**2 + 1 - 8 + 1200*l - 1213*l. Calculate f(5).
-3
Let g(r) = 1 - r**2 + 7231*r + 7234*r - 14467*r. What is g(7)?
-62
Let t(j) = 3*j**3 + 5*j**2 + 4*j + 7. Let a(s) be the first derivative of -s**4/2 - 4*s**3/3 - s**2 - 6*s + 65. Let g(c) = -4*a(c) - 3*t(c). Calculate g(2).
-9
Let b(o) = o - 19. Let g(r) = -8*r + 184. Let k(x) = -48*b(x) - 5*g(x). Give 